is 336 (base 10) in base 4?
11100
-116 (base 14) to base 15
-e6
-21101010 (base 3) to base 13
-25a7
Convert 144 (base 13) to base 4.
3201
What is -11011000011 (base 2) in base 6?
-12003
What is -4d7b (base 15) in base 4?
-10002131
What is -414 (base 13) in base 2?
-1010110101
What is 3460 (base 8) in base 2?
11100110000
What is 475 (base 9) in base 16?
188
What is 111000110010111 (base 2) in base 15?
8939
Convert -1100001011001111 (base 2) to base 10.
-49871
170 (base 14) to base 4
10212
22d3 (base 14) to base 15
1be5
What is 223 (base 14) in base 11?
355
eb3 (base 16) to base 10
3763
Convert -9bc3 (base 14) to base 10.
-27023
What is b1 (base 16) in base 11?
151
What is 4215 (base 7) in base 2?
10111001010
Convert 3313 (base 5) to base 13.
293
Convert 4518 (base 10) to base 6.
32530
54242 (base 6) to base 2
1110100010010
4170 (base 8) to base 10
2168
-1672 (base 11) to base 14
-ac8
Convert 10000100011111 (base 2) to base 13.
3b23
233240 (base 6) to base 3
1000200120
What is -41711 (base 9) in base 13?
-c703
What is -15177 (base 9) in base 14?
-3abb
Convert -6b0 (base 14) to base 6.
-10054
What is 1a554 (base 12) in base 11?
27173
What is 11000110101 (base 2) in base 12?
b05
4900 (base 11) to base 5
201123
-222212 (base 3) to base 11
-5aa
Convert 57130 (base 8) to base 11.
17167
Convert -fe56 (base 16) to base 2.
-1111111001010110
Convert -1011110100001 (base 2) to base 12.
-3601
1327 (base 9) to base 14
513
What is -4c6 (base 15) in base 3?
-1111020
Convert -100222 (base 3) to base 6.
-1125
What is -6b81 (base 12) in base 7?
-50062
What is 395 (base 11) in base 4?
13103
Convert -11102002 (base 3) to base 9.
-4362
Convert 3512 (base 6) to base 4.
31010
26454 (base 10) to base 8
63526
What is 2132a (base 12) in base 15?
ce11
Convert 23164 (base 7) to base 6.
43234
-12b1 (base 13) to base 10
-2679
What is -1d15 (base 16) in base 11?
-5659
Convert 48d1 (base 15) to base 8.
36210
What is 99 (base 14) in base 15?
90
-4434 (base 7) to base 8
-3071
Convert -100201 (base 3) to base 10.
-262
What is -6734 (base 9) in base 10?
-4972
What is 14223 (base 5) in base 15?
543
Convert -119 (base 15) to base 3.
-100020
What is 6f5 (base 16) in base 13?
a70
30302 (base 4) to base 2
1100110010
What is -254 (base 13) in base 9?
-502
Convert 2313 (base 11) to base 14.
1171
Convert 38136 (base 12) to base 10.
76218
Convert -51 (base 12) to base 11.
-56
-584 (base 12) to base 4
-30310
Convert 14523 (base 6) to base 4.
210303
-31516 (base 7) to base 5
-222204
Convert 123203 (base 4) to base 3.
2102022
-1212000 (base 3) to base 16
-546
24414 (base 6) to base 14
145c
What is 529 (base 11) in base 13?
39c
What is -855 (base 14) in base 13?
-995
Convert -736c (base 13) to base 3.
-210220201
What is -1472 (base 8) in base 14?
-430
What is -35373 (base 10) in base 7?
-205062
-110011010101010 (base 2) to base 8
-63252
Convert 2512 (base 6) to base 2.
1001101100
Convert -436 (base 14) to base 5.
-11312
What is -50403 (base 6) in base 3?
-100002110
Convert -33a9 (base 13) to base 15.
-2227
-17b75 (base 12) to base 15
-a355
Convert -352 (base 16) to base 8.
-1522
What is 13115 (base 6) in base 15?
8cb
-2211 (base 5) to base 10
-306
-b9 (base 12) to base 5
-1031
What is a84a (base 11) in base 6?
150204
25a5 (base 13) to base 4
1103332
-10000010 (base 2) to base 9
-154
-22220201 (base 3) to base 14
-2523
Convert -13417 (base 9) to base 16.
-2380
What is 292 (base 14) in base 12?
374
Convert -923 (base 14) to base 12.
-1057
20144 (base 8) to base 4
2001210
Convert a7b (base 12) to base 3.
2002212
What is -33a9 (base 11) in base 4?
-1011323
Convert 1c0 (base 14) to base 2.
101101100
110010210 (base 3) to base 15
2950
-1551 (base 6) to base 8
-653
What is b63 (base 13) in base 5?
30230
Convert -18355 (base 12) to base 10.
-35057
Convert 376 (base 9) to base 7.
624
Convert -352 (base 12) to base 14.
-274
2857 (base 10) to base 15
ca7
1a14 (base 12) to base 14
1236
23513 (base 11) to base 5
2041034
Convert 40b (base 13) to base 2.
1010101111
What is -1a6 (base 13) in base 10?
-305
Convert -e91b (base 15) to base 14.
-13d77
What is -9a0 (base 12) in base 16?
-588
What is -4da0 (base 14) in base 10?
-13664
Convert 24426 (base 7) to base 13.
2ba7
Convert -46a (base 16) to base 8.
-2152
24111 (base 5) to base 10
1781
What is -37104 (base 10) in base 11?
-25971
Convert -5034 (base 11) to base 9.
-10155
Convert 223416 (base 7) to base 5.
2232104
Convert 31 (base 8) to base 3.
221
18078 (base 11) to base 3
1021210210
cb0 (base 13) to base 16
87b
What is 210c (base 13) in base 4?
1013133
-1101111001 (base 2) to base 5
-12024
-4a74 (base 13) to base 14
-3bd3
-9561 (base 14) to base 10
-25761
Convert -67aa (base 15) to base 2.
-101010111100001
What is -100211 (base 4) in base 6?
-4525
147a (base 13) to base 3
11002011
Convert 85d (base 14) to base 8.
3163
What is -d9 (base 15) in base 11?
-176
-110000100001101 (base 2) to base 5
-1243340
What is 3303 (base 6) in base 4?
23313
Convert 826 (base 11) to base 12.
6b0
Convert -11202121 (base 3) to base 6.
-24024
Convert 261a6 (base 12) to base 3.
2122111000
Convert 11010010100010 (base 2) to base 9.
20431
-11676 (base 12) to base 16
-5b7a
Convert 235555 (base 7) to base 16.
a741
Convert 110340 (base 6) to base 7.
35556
What is -7c7 (base 14) in base 11?
-1187
What is 3e5 (base 15) in base 2?
1101111010
What is -4a19 (base 12) in base 7?
-33261
-34142 (base 7) to base 9
-12775
What is 26 (base 8) in base 14?
18
Convert -44132 (base 5) to base 3.
-11011200
What is -c00 (base 16) in base 8?
-6000
Convert -56a (base 12) to base 8.
-1442
Convert -17603 (base 8) to base 16.
-1f83
What is -52543 (base 6) in base 10?
-7119
-17232 (base 11) to base 5
-1233420
9a5 (base 15) to base 3
2222202
Convert -337 (base 13) to base 12.
-3a1
Convert 1715 (base 8) to base 4.
33031
What is 3a01 (base 14) in base 3?
111222112
-5792 (base 16) to base 9
-33668
What is 266 (base 15) in base 16?
222
What is -11010000111 (base 2) in base 9?
-2256
Convert -1103 (base 4) to base 6.
-215
-2382 (base 13) to base 4
-1032033
What is 27ba (base 12) in base 10?
4606
6574 (base 10) to base 15
1e34
22587 (base 9) to base 14
56c0
What is -3566 (base 7) in base 3?
-1210222
-101010101010001 (base 2) to base 8
-52521
29c (base 15) to base 7
1512
What is -6d9 (base 16) in base 5?
-24003
4062 (base 9) to base 2
101110011100
100102 (base 3) to base 9
312
46497 (base 11) to base 8
203104
Convert 35736 (base 8) to base 16.
3bde
What is 6208 (base 9) in base 14?
1928
Convert 2614 (base 7) to base 12.
6a7
What is -1100011011101 (base 2) in base 3?
-22201202
What is -3452 (base 7) in base 2?
-10011101110
Convert 11000010100 (base 2) to base 9.
2118
What is 1d2 (base 14) in base 5?
3010
What is 10001110110 (base 2) in base 6?
5142
What is 1042334 (base 6) in base 16?
ccb2
What is 337 (base 10) in base 7?
661
What is 122525 (base 6) in base 16?
2af5
-37521 (base 12) to base 16
-12529
What is 25aa (base 13) in base 16?
1503
122 (base 6) to base 16
32
-1338a (base 13) to base 7
-206203
-8088 (base 9) to base 16
-1718
What is -30012 (base 4) in base 14?
-3d4
What is -3232433 (base 5) in base 13?
-1c281
What is -ba (base 14) in base 10?
-164
Convert -49c (base 14) to base 4.
-32122
Convert -1413 (base 9) to base 15.
-4b0
Convert -2132300 (base 4) to base 15.
-3025
152544 (base 6) to base 14
5600
111401 (base 7) to base 6
231232
Convert 2540 (base 8) to base 6.
10212
Convert -266 (base 12) to base 10.
-366
What is 128 (base 14) in base 15?
107
Convert -5041 (base 7) to base 13.
-a42
246 (base 12) to base 5
2332
What is 3120332 (base 4) in base 9?
21038
What is -5841 (base 9) in base 6?
-32014
What is -65a (base 13) in base 16?
-441
-6165 (base 9) to base 4
-1012202
101001001 (base 2) to base 14
197
Convert -50251 (base 7) to base 3.
-121122121
-20000223 (base 4) to base 5
-2022221
Convert 4003 (base 6) to base 13.
519
-2838 (base 10) to base 11
-2150
What is 5172 (base 13) in base 8?
25757
Convert -2103231 (base 4) to base 13.
-43c2
What is -724 (base 14) in base 8?
-2574
What is -2000000212 (base 3) in base 11?
-27659
What is 110121 (base 6) in base 3?
110111211
Convert -112021 (base 3) to base 15.
-1aa
What is 15276 (base 8) in base 13?
3168
Convert 17ec (base 15) to base 5.
131142
Convert -2a6 (ba